{"id":1540,"date":"2016-08-02T18:03:37","date_gmt":"2016-08-02T18:03:37","guid":{"rendered":"http:\/\/www.alquilerdesimuladores.com\/blog\/?page_id=1540"},"modified":"2023-12-27T12:43:54","modified_gmt":"2023-12-27T12:43:54","slug":"aluguer-de-simuladores-de-conducao-e-voo","status":"publish","type":"page","link":"https:\/\/www.aluguerdesimuladores.com\/blog\/","title":{"rendered":"Inicio"},"content":{"rendered":"\n<div class=\"wp-block-query is-layout-flow wp-block-query-is-layout-flow\"><ul class=\"wp-block-post-template is-layout-flow wp-block-post-template-is-layout-flow\"><li class=\"wp-block-post post-414 post type-post status-publish format-standard hentry category-eventos category-simulador-de-carro tag-prevencao-de-riscos-profissionais tag-seguranca-rodoviaria tag-simulador-de-conducao clearfix\">\n<h2 class=\"wp-block-post-title\"><a href=\"https:\/\/www.aluguerdesimuladores.com\/blog\/dias-de-sensibilizacao-para-a-seguranca-rodoviaria-em-schneider-electric-em-barcelona\/\" target=\"_self\" >Dias de sensibiliza\u00e7\u00e3o para a seguran\u00e7a rodovi\u00e1ria em Schneider Electric em Barcelona<\/a><\/h2>\n\n\n\n<div class=\"wp-block-post-excerpt\"><p class=\"wp-block-post-excerpt__excerpt\">Na segunda-feira 18 de novembro, o Departamento de Sa\u00fade Ocupacional\u00a0Schneider Electric Espanha, especialista global em gest\u00e3o de energia, organizou um dia de sensibiliza\u00e7\u00e3o para a seguran\u00e7a rodovi\u00e1ria para os seus trabalhadores. Durante todo o dia, de 9:00-18:00 pm, funcion\u00e1rios de [&hellip;] <\/p><\/div>\n\n\n<hr class=\"wp-block-separator has-css-opacity\"\/>\n\n\n<div class=\"wp-block-post-date\"><time datetime=\"2013-11-29T12:37:28+00:00\">29 noviembre, 2013<\/time><\/div>\n<\/li><li class=\"wp-block-post post-405 post type-post status-publish format-standard hentry category-eventos category-simulador-de-carro tag-alugar-simuladores tag-aluguer-simulador-de-conducao tag-assentos-de-conducao clearfix\">\n<h2 class=\"wp-block-post-title\"><a href=\"https:\/\/www.aluguerdesimuladores.com\/blog\/drive-seat-500rc-na-sexta-edicao-da-conferencia-sia-de-earpro\/\" target=\"_self\" >DRIVE SEAT 500RC na sexta edi\u00e7\u00e3o da Confer\u00eancia SIA de EARPRO<\/a><\/h2>\n\n\n\n<div class=\"wp-block-post-excerpt\"><p class=\"wp-block-post-excerpt__excerpt\">A sexta edi\u00e7\u00e3o da confer\u00eancia SIA de EARPRO reuniu entre os dias 1 e 2 de outubro de 2013 cerca de 150 pessoas interessadas na ind\u00fastria de display LED: fornecedores, clientes, convidados&#8230; Aconteceu no hotel Alimara\u00a0em Barcelona\u00a0e, al\u00e9m de realiza\u00e7\u00e3o [&hellip;] <\/p><\/div>\n\n\n<hr class=\"wp-block-separator has-css-opacity\"\/>\n\n\n<div class=\"wp-block-post-date\"><time datetime=\"2013-10-15T09:13:22+00:00\">15 octubre, 2013<\/time><\/div>\n<\/li><li class=\"wp-block-post post-352 post type-post status-publish format-standard has-post-thumbnail hentry category-simulador-da-motocicleta category-simulador-de-carro category-simulador-de-empilhadeira tag-alugar-oculos-de-simulacao tag-aluguer-simuladores tag-seguranca-rodoviaria clearfix\">\n<h2 class=\"wp-block-post-title\"><a href=\"https:\/\/www.aluguerdesimuladores.com\/blog\/o-simulador-de-escolher-para-o-meu-caso\/\" target=\"_self\" >O simulador de escolher para o meu caso?<\/a><\/h2>\n\n<figure class=\"alignwide wp-block-post-featured-image\"><a href=\"https:\/\/www.aluguerdesimuladores.com\/blog\/o-simulador-de-escolher-para-o-meu-caso\/\" target=\"_self\"  ><img loading=\"lazy\" decoding=\"async\" width=\"300\" height=\"125\" src=\"https:\/\/www.aluguerdesimuladores.com\/blog\/wp-content\/uploads\/simuladores-300x125.jpg\" class=\"attachment-post-thumbnail size-post-thumbnail wp-post-image\" alt=\"O simulador de escolher para o meu caso?\" style=\"object-fit:cover;\" \/><\/a><\/figure>\n\n<div class=\"wp-block-post-excerpt\"><p class=\"wp-block-post-excerpt__excerpt\">Se antes de um evento ou participar de um show que voc\u00ea tem feito esta pergunta, n\u00e3o se preocupe, em Alquilerdesimuladores vamos ajud\u00e1-lo a responder suas perguntas. <\/p><\/div>\n\n\n<hr class=\"wp-block-separator has-css-opacity\"\/>\n\n\n<div class=\"wp-block-post-date\"><time datetime=\"2013-08-06T10:49:35+00:00\">6 agosto, 2013<\/time><\/div>\n<\/li><\/ul><\/div>\n","protected":false},"excerpt":{"rendered":"","protected":false},"author":1,"featured_media":0,"parent":0,"menu_order":0,"comment_status":"closed","ping_status":"closed","template":"page-templates\/page_widgetized.php","meta":{"_monsterinsights_skip_tracking":false,"_monsterinsights_sitenote_active":false,"_monsterinsights_sitenote_note":"","_monsterinsights_sitenote_category":0,"footnotes":""},"yoast_head":"<!-- This site is optimized with the Yoast SEO plugin v21.7 - https:\/\/yoast.com\/wordpress\/plugins\/seo\/ -->\n<title>Aluguer de Simuladores de condu\u00e7\u00e3o e de v\u00f4o<\/title>\n<meta name=\"description\" content=\"Aluguer de Simuladores de condu\u00e7\u00e3o e Voo, Simulador de carro, de motocicleta, \u00f3culos de simula\u00e7\u00e3o, empilhadora.\" \/>\n<meta name=\"robots\" content=\"index, follow, max-snippet:-1, max-image-preview:large, max-video-preview:-1\" \/>\n<link rel=\"canonical\" href=\"https:\/\/www.aluguerdesimuladores.com\/blog\/\" \/>\n<meta property=\"og:locale\" content=\"es_ES\" \/>\n<meta property=\"og:type\" content=\"article\" \/>\n<meta property=\"og:title\" content=\"Aluguer de Simuladores de condu\u00e7\u00e3o e de v\u00f4o\" \/>\n<meta property=\"og:description\" content=\"Aluguer de Simuladores de condu\u00e7\u00e3o e Voo, Simulador de carro, de motocicleta, \u00f3culos de simula\u00e7\u00e3o, empilhadora.\" \/>\n<meta property=\"og:url\" content=\"https:\/\/www.aluguerdesimuladores.com\/blog\/\" \/>\n<meta property=\"og:site_name\" content=\"Aluguer de Simuladores de condu\u00e7\u00e3o e de v\u00f4o\" \/>\n<meta property=\"article:modified_time\" content=\"2023-12-27T12:43:54+00:00\" \/>\n<meta name=\"twitter:card\" content=\"summary_large_image\" \/>\n<script type=\"application\/ld+json\" class=\"yoast-schema-graph\">{\"@context\":\"https:\/\/schema.org\",\"@graph\":[{\"@type\":\"WebPage\",\"@id\":\"https:\/\/www.aluguerdesimuladores.com\/blog\/\",\"url\":\"https:\/\/www.aluguerdesimuladores.com\/blog\/\",\"name\":\"Aluguer de Simuladores de condu\u00e7\u00e3o e de v\u00f4o\",\"isPartOf\":{\"@id\":\"https:\/\/www.aluguerdesimuladores.com\/blog\/#website\"},\"datePublished\":\"2016-08-02T18:03:37+00:00\",\"dateModified\":\"2023-12-27T12:43:54+00:00\",\"description\":\"Aluguer de Simuladores de condu\u00e7\u00e3o e Voo, Simulador de carro, de motocicleta, \u00f3culos de simula\u00e7\u00e3o, empilhadora.\",\"breadcrumb\":{\"@id\":\"https:\/\/www.aluguerdesimuladores.com\/blog\/#breadcrumb\"},\"inLanguage\":\"es\",\"potentialAction\":[{\"@type\":\"ReadAction\",\"target\":[\"https:\/\/www.aluguerdesimuladores.com\/blog\/\"]}]},{\"@type\":\"BreadcrumbList\",\"@id\":\"https:\/\/www.aluguerdesimuladores.com\/blog\/#breadcrumb\",\"itemListElement\":[{\"@type\":\"ListItem\",\"position\":1,\"name\":\"Portada\",\"item\":\"https:\/\/www.aluguerdesimuladores.com\/blog\/\"},{\"@type\":\"ListItem\",\"position\":2,\"name\":\"Inicio\"}]},{\"@type\":\"WebSite\",\"@id\":\"https:\/\/www.aluguerdesimuladores.com\/blog\/#website\",\"url\":\"https:\/\/www.aluguerdesimuladores.com\/blog\/\",\"name\":\"Aluguer de Simuladores de condu\u00e7\u00e3o e de v\u00f4o\",\"description\":\"Aluguer de Simuladores de condu\u00e7\u00e3o\",\"potentialAction\":[{\"@type\":\"SearchAction\",\"target\":{\"@type\":\"EntryPoint\",\"urlTemplate\":\"https:\/\/www.aluguerdesimuladores.com\/blog\/?s={search_term_string}\"},\"query-input\":\"required name=search_term_string\"}],\"inLanguage\":\"es\"}]}<\/script>\n<!-- \/ Yoast SEO plugin. -->","yoast_head_json":{"title":"Aluguer de Simuladores de condu\u00e7\u00e3o e de v\u00f4o","description":"Aluguer de Simuladores de condu\u00e7\u00e3o e Voo, Simulador de carro, de motocicleta, \u00f3culos de simula\u00e7\u00e3o, empilhadora.","robots":{"index":"index","follow":"follow","max-snippet":"max-snippet:-1","max-image-preview":"max-image-preview:large","max-video-preview":"max-video-preview:-1"},"canonical":"https:\/\/www.aluguerdesimuladores.com\/blog\/","og_locale":"es_ES","og_type":"article","og_title":"Aluguer de Simuladores de condu\u00e7\u00e3o e de v\u00f4o","og_description":"Aluguer de Simuladores de condu\u00e7\u00e3o e Voo, Simulador de carro, de motocicleta, \u00f3culos de simula\u00e7\u00e3o, empilhadora.","og_url":"https:\/\/www.aluguerdesimuladores.com\/blog\/","og_site_name":"Aluguer de Simuladores de condu\u00e7\u00e3o e de v\u00f4o","article_modified_time":"2023-12-27T12:43:54+00:00","twitter_card":"summary_large_image","schema":{"@context":"https:\/\/schema.org","@graph":[{"@type":"WebPage","@id":"https:\/\/www.aluguerdesimuladores.com\/blog\/","url":"https:\/\/www.aluguerdesimuladores.com\/blog\/","name":"Aluguer de Simuladores de condu\u00e7\u00e3o e de v\u00f4o","isPartOf":{"@id":"https:\/\/www.aluguerdesimuladores.com\/blog\/#website"},"datePublished":"2016-08-02T18:03:37+00:00","dateModified":"2023-12-27T12:43:54+00:00","description":"Aluguer de Simuladores de condu\u00e7\u00e3o e Voo, Simulador de carro, de motocicleta, \u00f3culos de simula\u00e7\u00e3o, empilhadora.","breadcrumb":{"@id":"https:\/\/www.aluguerdesimuladores.com\/blog\/#breadcrumb"},"inLanguage":"es","potentialAction":[{"@type":"ReadAction","target":["https:\/\/www.aluguerdesimuladores.com\/blog\/"]}]},{"@type":"BreadcrumbList","@id":"https:\/\/www.aluguerdesimuladores.com\/blog\/#breadcrumb","itemListElement":[{"@type":"ListItem","position":1,"name":"Portada","item":"https:\/\/www.aluguerdesimuladores.com\/blog\/"},{"@type":"ListItem","position":2,"name":"Inicio"}]},{"@type":"WebSite","@id":"https:\/\/www.aluguerdesimuladores.com\/blog\/#website","url":"https:\/\/www.aluguerdesimuladores.com\/blog\/","name":"Aluguer de Simuladores de condu\u00e7\u00e3o e de v\u00f4o","description":"Aluguer de Simuladores de condu\u00e7\u00e3o","potentialAction":[{"@type":"SearchAction","target":{"@type":"EntryPoint","urlTemplate":"https:\/\/www.aluguerdesimuladores.com\/blog\/?s={search_term_string}"},"query-input":"required name=search_term_string"}],"inLanguage":"es"}]}},"_links":{"self":[{"href":"https:\/\/www.aluguerdesimuladores.com\/blog\/wp-json\/wp\/v2\/pages\/1540"}],"collection":[{"href":"https:\/\/www.aluguerdesimuladores.com\/blog\/wp-json\/wp\/v2\/pages"}],"about":[{"href":"https:\/\/www.aluguerdesimuladores.com\/blog\/wp-json\/wp\/v2\/types\/page"}],"author":[{"embeddable":true,"href":"https:\/\/www.aluguerdesimuladores.com\/blog\/wp-json\/wp\/v2\/users\/1"}],"replies":[{"embeddable":true,"href":"https:\/\/www.aluguerdesimuladores.com\/blog\/wp-json\/wp\/v2\/comments?post=1540"}],"version-history":[{"count":2,"href":"https:\/\/www.aluguerdesimuladores.com\/blog\/wp-json\/wp\/v2\/pages\/1540\/revisions"}],"predecessor-version":[{"id":1843,"href":"https:\/\/www.aluguerdesimuladores.com\/blog\/wp-json\/wp\/v2\/pages\/1540\/revisions\/1843"}],"wp:attachment":[{"href":"https:\/\/www.aluguerdesimuladores.com\/blog\/wp-json\/wp\/v2\/media?parent=1540"}],"curies":[{"name":"wp","href":"https:\/\/api.w.org\/{rel}","templated":true}]}}